*2 + 23*b + 381. Let u be h(70). What is the highest common divisor of u and 11?
11
Let q be (-4)/14 + (-10)/14. Let m be (-32)/((-18)/(-22) + q). Let u be 610/40 - (-1)/12*9. Calculate the greatest common divisor of m and u.
16
Let d = -30 - -65. Suppose 2*r - 44 = -r - m, -2*r + 5*m = -d. Let w = 0 + r. What is the highest common factor of w and 5?
5
Let q be 4 - (-5 + (0 - 343)). What is the greatest common factor of 32 and q?
32
Let v(a) = -a**3 + 4*a**2 + 4*a + 3. Let x be v(-2). Let p be 1 - x - (2 + 1). Let l be (0 - -2)/((-3)/p). Calculate the greatest common divisor of l and 70.
14
Suppose 4*z - o - 28 = 3*o, -3*o = 3. Let u = 0 + z. Let r(p) = 42*p. Let x be r(1). What is the greatest common divisor of x and u?
6
Let j = 349 - 311. What is the highest common factor of 304 and j?
38
Suppose 0 = 18*w + 56*w - 592. What is the highest common divisor of 216 and w?
8
Suppose 4*i = -2*o, 3*o + 0 - 2 = -5*i. Let s(c) = c**3 - 4*c**2 - c + 7. Let b be s(o). Suppose 6 + 12 = b*j. What is the greatest common factor of j and 12?
6
Suppose -5*g - 243 = -2*j, -4*g - 61 = 5*j + 107. Let q = g - -54. What is the highest common factor of q and 7?
7
Suppose 7*f - 12 = 3*f. Let c be 1*6*6/f. Calculate the greatest common factor of 156 and c.
12
Let f = 1333 - 663. What is the highest common divisor of f and 20?
10
Let b(q) be the first derivative of q**3/3 + 7*q**2/2 - 6*q + 2. Let s be b(4). Let t be (-118)/(-2) + -6 + 4. Calculate the highest common factor of s and t.
19
Suppose 0 = 361*z - 357*z - 156. Calculate the highest common factor of 1443 and z.
39
Let b be 8*-13*(7 + 187/(-22)). What is the highest common divisor of b and 24?
12
Let g(t) be the third derivative of -t**4/4 - t**3/6 - 2*t**2. Let s be g(-6). Suppose -15 = -y - 2*y. What is the highest common factor of s and y?
5
Let a = -20 + 22. Let p = -82 - -190. Suppose a*w + 2*w - p = 0. What is the highest common factor of 3 and w?
3
Let p be (-16 - -156)/(0 - 4/(-58)). What is the greatest common factor of p and 70?
70
Suppose -c = 2*u - 6, -3*c + 2*u - 6 = -0*u. Let j = -45 - -89. Let y be (8/4 - c)*j. Calculate the greatest common divisor of 8 and y.
8
Let j(n) = 30*n + 52. Let s be j(0). What is the greatest common factor of 234 and s?
26
Let x = 429 - 179. What is the highest common factor of x and 50?
50
Let s be (-4 - (-9)/2)*0. Suppose -2*o - 2*i + 488 = s, -2*o + i + 480 = 5*i. Calculate the highest common factor of o and 31.
31
Let w(k) = k**2 + 9*k - 10. Let r(v) = 5*v**2 + 37*v - 40. Let q(g) = 2*r(g) - 9*w(g). Let m be q(7). Calculate the highest common divisor of 40 and m.
10
Let g be 84/(-1*1/(-1)). Let q = -958 + 970. Calculate the greatest common factor of q and g.
12
Suppose -12*u = -2422 + 1222. What is the highest common divisor of u and 4?
4
Let o = -56 + 39. Let u(y) = -y + 10. Let c(z) = -3*z + 29. Let p(l) = o*u(l) + 6*c(l). Let q be p(-11). What is the greatest common divisor of 45 and q?
15
Let c(o) be the second derivative of -25*o**3/6 - o. Let f be c(-1). Let p = -13 + 23. Calculate the greatest common factor of f and p.
5
Suppose 0 = 5*i + 2*r + r - 94, -4*i = r - 71. Suppose l + 4*b - 17 = 0, -42*b = 3*l - 37*b - 51. What is the greatest common factor of i and l?
17
Let y = 294 + -281. Calculate the greatest common factor of y and 117.
13
Let c(l) = l - 20. Let b be c(17). Let a be 538/b + (-5)/(-15). Let t = -94 - a. Calculate the greatest common factor of t and 17.
17
Let a(i) = 6*i**2 - i + 21. Let x be a(-5). What is the greatest common divisor of 22 and x?
22
Let i be (-20)/15*66/(-4). Let t be ((-55)/(-25) - 2) + 108/10. What is the greatest common divisor of i and t?
11
Let c = 137 + -19. What is the highest common divisor of 2 and c?
2
Let z be 8090/25 - 6/10. What is the greatest common divisor of 19 and z?
19
Let o(c) = 10*c**2 - 6*c - 5. Let u be o(-1). Calculate the greatest common divisor of u and 209.
11
Let n(a) = a**3 - 14*a**2 - a + 18. Let t be n(14). Suppose -2*o - t*o = -48. What is the greatest common factor of o and 32?
8
Let m be 16/104 - 6/39. Suppose -2*x + 5 - 3 = m, -5*n - 3*x = -173. What is the greatest common factor of n and 17?
17
Let i(j) = j**3 + 17*j**2 + 13*j - 60. Let x be i(-15). Calculate the greatest common divisor of x and 130.
65
Let l = -1459 + 2572. Calculate the highest common divisor of 21 and l.
21
Suppose 2*h - 14 = -2. Suppose 3*f + 5*z + 12 = 2*f, f - z = 12. Suppose 0 = -4*k + 5*m + f, -3*k + 0*m - m = -h. What is the highest common divisor of 1 and k?
1
Let o be 5018/18 + 2/9. Let m(i) = -29*i - 491. Let d be m(-18). Calculate the highest common divisor of d and o.
31
Let i(c) = 13*c + 52. Let u be i(13). Calculate the highest common factor of u and 17.
17
Let c = -46 + 64. Let g(r) = -r**3 - 3*r - 2. Let f = -50 + 49. Let z be g(f). What is the highest common divisor of z and c?
2
Let z = 1 + -1. Suppose i = -z*i + 115. Suppose -5*g + i = -0*g. Calculate the highest common divisor of 253 and g.
23
Let t(o) = -o + 4. Let j(b) = 3*b - 8. Let v(q) = 2*j(q) + 5*t(q). Let y be v(7). Let i be 12/(72/462) + 0. Calculate the greatest common factor of y and i.
11
Suppose -70 - 22 = q. Let u = -45 - q. Let b = 19 + u. Calculate the greatest common divisor of 6 and b.
6
Let s(v) = -5*v - v + 7*v + 26 - 2*v. Let c be s(-28). What is the greatest common divisor of c and 18?
18
Let w(i) = i**2 - 5*i + 1. Let t be w(5). Let l = t + 15. Let p = l - 0. Calculate the highest common factor of p and 32.
16
Suppose -c = -5*c + 8. Suppose 0 = c*h - 4*h + 22. Let p = h + -6. Calculate the greatest common divisor of 5 and p.
5
Suppose f - 35 = u, 4*f - 3*u + u - 150 = 0. Suppose 0*n + 328 = x + 4*n, 4*x - 1290 = -5*n. What is the greatest common factor of f and x?
40
Let r = 67 - 36. Calculate the highest common factor of r and 31.
31
Suppose z = -2*s + 3*s + 1, -4*s - 6 = -5*z. Suppose 5*y - 42 = -z*y. What is the highest common divisor of y and 30?
6
Suppose -6*m - 85 = -1. Suppose 7 + 3 = -u. Let c = u - m. Calculate the greatest common factor of 36 and c.
4
Let y be (-4 - -1) + 22*(-1 - -4). What is the greatest common factor of y and 126?
63
Let h = -158 + 230. What is the highest common divisor of h and 36?
36
Let s(n) = 2*n - 3. Let q(x) = 1. Let b(a) = -4*q(a) + s(a). Let k be b(5). Let l be (4 - -14) + -3 + k. What is the greatest common divisor of l and 2?
2
Suppose 0 = j + 3 - 9. Let o be 3/(-6)*(-80)/8. Suppose k = -2*y + 10, 2*k + 2*k - o*y - 14 = 0. What is the greatest common factor of k and j?
6
Let x(s) = -s**3 - 8*s**2 - 3*s - 3. Let n be x(-8). Suppose -3 = -l + 3*u + 23, -2*l = u - 24. What is the highest common factor of l and n?
7
Let d = -950 + 1382. Calculate the highest common factor of 12 and d.
12
Suppose 5*w - 18 + 18 = 0. Suppose w = 9*s - 408 + 48. What is the greatest common factor of 20 and s?
20
Let f = 0 + 9. Suppose -f*b + 90 = -4*b. Suppose -z + 2*w + 122 = 0, w = -0 + 2. Calculate the greatest common factor of b and z.
18
Let z(y) = 2*y + 50. Let g be z(-25). Suppose g*q - 12 = -2*q. Calculate the greatest common factor of 6 and q.
6
Suppose -5*k + 0*k + 280 = 0. Let h = 29 - k. Let t = -19 - h. What is the highest common divisor of 32 and t?
8
Let a(o) = -3*o**3 + 1. Let u be a(-1). Suppose 0 = -u*y - 4*r + 92, 2*r = -2*r + 8. What is the highest common factor of 3 and y?
3
Suppose 3*l - 54 = -0*l. Suppose 6 + 24 = -5*k - 3*c, 2*c - l = 3*k. Let u be (-51)/(-7) - k/(-21). Calculate the highest common divisor of 77 and u.
7
Let q be (-2 + 23)/(3/18). Let v(y) = -y + 7. Let s be (4 + 0)*(-14)/8. Let m be v(s). What is the highest common factor of q and m?
14
Suppose -1 = -2*n + 3*w, 2*n + 0*w = 4*w. What is the highest common divisor of 32 and n?
2
Suppose -w = 5, -4*u + 257 = 2*w + w. Let r = -3 + u. What is the greatest common factor of 13 and r?
13
Let s(u) = 9*u + 13. Let x be s(11). Suppose 2*m = -5*m + x. Calculate the highest common divisor of 2 and m.
2
Let c(w) = w**3 + 7*w**2 - 2*w. Let v be c(-7). Let j(f) = 26*f + 9. Let l be j(7). Let t = l - 93. What is the highest common divisor of t and v?
14
Suppose -2*p = -2*w + 1354, -5*w + 3*p + 2383 = -1012. Calculate the greatest common factor of w and 310.
62
Let l = 50 - 28. Let w be (-24)/24 + -1 + 27. Let b = w - -19. Calculate t